 digit of 3997710?
9
What is the hundred thousands digit of 3376968758?
9
What is the tens digit of 47109644?
4
What is the ten thousands digit of 15914790?
1
What is the units digit of 376600115?
5
What is the units digit of 6247660083?
3
What is the thousands digit of 501710388?
0
What is the hundred thousands digit of 2571513055?
5
What is the ten millions digit of 66254596?
6
What is the units digit of 34163899?
9
What is the units digit of 76022217?
7
What is the hundreds digit of 203242755?
7
What is the thousands digit of 790866150?
6
What is the hundred millions digit of 1635596009?
6
What is the thousands digit of 63327237?
7
What is the ten millions digit of 56114249?
5
What is the units digit of 108982002?
2
What is the thousands digit of 30463221?
3
What is the hundreds digit of 42041440?
4
What is the hundred millions digit of 2644822459?
6
What is the units digit of 1075756271?
1
What is the millions digit of 446825356?
6
What is the hundred thousands digit of 1811681746?
6
What is the tens digit of 1727261358?
5
What is the tens digit of 236492397?
9
What is the hundred thousands digit of 129746383?
7
What is the thousands digit of 49783771?
3
What is the units digit of 1477533967?
7
What is the tens digit of 1060625534?
3
What is the units digit of 437675513?
3
What is the hundred millions digit of 703099419?
7
What is the millions digit of 2392166847?
2
What is the tens digit of 144590997?
9
What is the tens digit of 1510771?
7
What is the units digit of 1001730216?
6
What is the ten millions digit of 1550298469?
5
What is the hundreds digit of 8950208769?
7
What is the hundred thousands digit of 2429927214?
9
What is the millions digit of 512167362?
2
What is the hundreds digit of 86272272?
2
What is the units digit of 1690239518?
8
What is the thousands digit of 43792208?
2
What is the units digit of 269779924?
4
What is the thousands digit of 73964921?
4
What is the tens digit of 3047716318?
1
What is the thousands digit of 16231422?
1
What is the ten thousands digit of 18709562?
0
What is the units digit of 429929933?
3
What is the units digit of 69940435?
5
What is the tens digit of 59404956?
5
What is the millions digit of 151905175?
1
What is the hundred millions digit of 2229146072?
2
What is the units digit of 798039003?
3
What is the tens digit of 198780610?
1
What is the ten thousands digit of 84553128?
5
What is the units digit of 211433573?
3
What is the hundreds digit of 578235323?
3
What is the tens digit of 351718033?
3
What is the ten thousands digit of 7252752?
5
What is the hundred millions digit of 1500147751?
5
What is the hundred thousands digit of 696997521?
9
What is the thousands digit of 616089264?
9
What is the ten thousands digit of 1214544525?
4
What is the hundreds digit of 56607227?
2
What is the hundred thousands digit of 630764631?
7
What is the hundred millions digit of 674735598?
6
What is the tens digit of 493851293?
9
What is the hundreds digit of 131922994?
9
What is the hundred thousands digit of 2758941192?
9
What is the millions digit of 65450978?
5
What is the millions digit of 3524939554?
4
What is the ten thousands digit of 3484170001?
7
What is the millions digit of 8529501?
8
What is the ten millions digit of 1001548056?
0
What is the hundreds digit of 110174204?
2
What is the ten millions digit of 174670643?
7
What is the hundred thousands digit of 1730530959?
5
What is the thousands digit of 243595967?
5
What is the ten thousands digit of 317454284?
5
What is the millions digit of 67885425?
7
What is the tens digit of 144345631?
3
What is the millions digit of 174763971?
4
What is the thousands digit of 185748415?
8
What is the billions digit of 2436106018?
2
What is the thousands digit of 25188988?
8
What is the hundreds digit of 732919479?
4
What is the tens digit of 5454375?
7
What is the ten millions digit of 493714757?
9
What is the ten thousands digit of 62977530?
7
What is the hundreds digit of 55974448?
4
What is the ten thousands digit of 482596965?
9
What is the units digit of 169739863?
3
What is the units digit of 61664618?
8
What is the hundred thousands digit of 8007115?
0
What is the hundreds digit of 68258627?
6
What is the hundred millions digit of 2866818246?
8
What is the units digit of 85874519?
9
What is the hundreds digit of 170155067?
0
What is the hundred millions digit of 763444524?
7
What is the thousands digit of 33834791?
4
What is the tens digit of 161663083?
8
What is the ten thousands digit of 357473569?
7
What is the thousands digit of 10723138?
3
What is the millions digit of 410536400?
0
What is the hundreds digit of 11038135?
1
What is the hundred thousands digit of 343741592?
7
What is the units digit of 669381009?
9
What is the hundred millions digit of 5069487082?
0
What is the units digit of 5405818040?
0
What is the hundred millions digit of 133527337?
1
What is the ten millions digit of 2452550789?
5
What is the units digit of 713258240?
0
What is the tens digit of 1366017156?
5
What is the hundred millions digit of 173950865?
1
What is the ten thousands digit of 1294329828?
2
What is the tens digit of 35882240?
4
What is the tens digit of 8659437278?
7
What is the hundred thousands digit of 680878548?
8
What is the tens digit of 3963405?
0
What is the ten millions digit of 33787510?
3
What is the units digit of 34473924?
4
What is the millions digit of 167491677?
7
What is the hundred thousands digit of 2279939298?
9
What is the units digit of 332334200?
0
What is the millions digit of 4983102?
4
What is the units digit of 28943172?
2
What is the hundreds digit of 2382774993?
9
What is the hundred millions digit of 1472506177?
4
What is the hundreds digit of 4373097304?
3
What is the units digit of 445901529?
9
What is the hundred thousands digit of 275022579?
0
What is the millions digit of 6729025032?
9
What is the ten thousands digit of 179563048?
6
What is the ten millions digit of 48679139?
4
What is the tens digit of 87998158?
5
What is the ten millions digit of 1055813337?
5
What is the thousands digit of 117348120?
8
What is the hundreds digit of 365449150?
1
What is the units digit of 303998180?
0
What is the hundred millions digit of 5960628828?
9
What is the hundred millions digit of 180343541?
1
What is the hundred thousands digit of 590665585?
6
What is the ten thousands digit of 42322210?
2
What is the ten thousands digit of 1387458757?
5
What is the units digit of 6972308101?
1
What is the hundred millions digit of 694444705?
6
What is the units digit of 4952403613?
3
What is the hundreds digit of 3257552254?
2
What is the tens digit of 62972763?
6
What is the millions digit of 877755387?
7
What is the ten millions digit of 37911127?
3
What is the thousands digit of 54270494?
0
What is the hundreds digit of 496049266?
2
What is the tens digit of 33089462?
6
What is the ten millions digit of 898177058?
9
What is the thousands digit of 77251003?
1
What is the units digit of 3181739186?
6
What is the ten millions digit of 176615089?
7
What is the hundred thousands digit of 2175765957?
7
What is the hundreds digit of 14837502?
5
What is the hundred thousands digit of 80534919?
5
What is the tens digit of 1508070796?
9
What is the ten millions digit of 61133151?
6
What is the units digit of 443187566?
6
What is the billions digit of 1800268109?
1
What is the thousands digit of 91208510?
8
What is the ten thousands digit of 1866538724?
3
What is the hundred thousands digit of 262304399?
3
What is the hundred thousands digit of 30996544?
9
What is the hundreds digit of 2279743625?
6
What is the units digit of 28771218?
8
What is the hundred thousands digit of 45757075?
7
What is the tens digit of 209036253?
5
What is the millions digit of 61559747?
1
What is the thousands digit of 652867126?
7
What is the thousands digit of 95873544?
3
What is the thousands digit of 22989802?
9
What is the thousands digit of 1532070052?
0
What is the millions digit of 3238912016?
8
What is the hundred millions digit of 3271516210?
2
What is the ten millions digit of 256318280?
5
What is the tens digit of 1289636241?
4
What is the ten thousands digit of 2968741469?
4
What is the tens digit of 7959536177?
7
What is the millions digit of 4363742